Suppose 22*s + 29326 = 20*s. Let h = -8682 - s. Is h a composite number?
False
Let x(j) = 3*j**2 + 23*j - 12. Let v be x(-10). Suppose 3*p - 66817 = 4*h, 55*h - v*h + 22268 = p. Is p a composite number?
False
Let q = 292 + -254. Is (20266/4)/(19/q) a composite number?
False
Let x = 1286 - 964. Is (-15414)/(-1) - x/(-46) a composite number?
True
Let d(o) = 1963*o**2 + 170*o - 1401. Is d(8) composite?
False
Let c = 4290449 - 2143206. Is c prime?
False
Let j(u) = -u - 17. Let r(n) = 1. Let h(d) = j(d) - 6*r(d). Let w be h(-23). Is (w + 0)/(5 + -3) + 691 a prime number?
True
Let a(v) = -v**2 + 4*v - 2. Let n be a(2). Suppose 9*q = -n*y + 4*q + 8669, -y + 3*q = -4318. Is y composite?
False
Let z = 251241 - 178002. Is z a prime number?
False
Let z = -89 + 85. Let w(m) = 132*m**2 + 2*m - 5. Is w(z) composite?
False
Suppose 5*a = 3*r - 8*r + 15, 10 = 3*a + 2*r. Suppose 4*i - 65740 = -4*f - 7748, 2*f - a*i = 29026. Is f prime?
True
Suppose -1453647 = -89*w + 50*w. Is w a prime number?
True
Let j(u) = -6*u - 5 - 23*u - 27 - 63 - 6. Is j(-36) a prime number?
False
Let s = -37645 + 19649. Let f = -8087 - s. Let x = -6310 + f. Is x composite?
True
Let k = 14449 - -105264. Is k a composite number?
True
Let n(u) = 138*u**2 - 87*u - 1153. Is n(-20) prime?
True
Is (-5)/4 + (-10725836)/(-176) a composite number?
True
Suppose 192 - 57 = 9*k. Suppose k*m - 18702 = -3*m. Is m a composite number?
False
Let i(l) = -36*l**3 + 3*l**2 - 2*l. Let p be (-1)/(-2 + 4/4). Let k be i(p). Let w = k + 502. Is w a prime number?
True
Let o = 27552 + 102401. Is o composite?
False
Suppose 491*b - 496*b = -3255. Let h = b + -64. Is h composite?
False
Let h = 19 + -25. Is ((-57)/h + -1)*2*83 prime?
False
Suppose -266950 - 243677 = -39*n. Is n a composite number?
False
Suppose -b = 3*a + 8, -3*b + 28 + 0 = -4*a. Let j be 1*(b - (3 + -2)). Suppose 0 = 3*m - 4*k - 245, 0 = m + j*m + 2*k - 312. Is m a prime number?
True
Let m(g) be the third derivative of 13*g**4/24 - 119*g**3/6 + 157*g**2. Is m(16) a composite number?
False
Let b = 23 + -18. Let f(l) = 27*l + 34. Let x(i) = 28*i + 34. Let j(p) = b*f(p) - 4*x(p). Is j(15) a composite number?
False
Suppose 566*z = 556*z + 1180370. Is z a prime number?
True
Is (-308)/88 + (-500445)/(-10) prime?
False
Let g(y) = 2*y**3 + 45*y**2 - 22*y - 17. Let w be (-45)/12 + 4 - 89/4. Is g(w) prime?
False
Let u(v) = -v**2 - 3*v + 3. Let n be u(0). Suppose -18*r + 17*r - 3*m + 407 = 0, -3*r - n*m = -1233. Is r prime?
False
Suppose 50*h - 57*h - 3288979 = -48*h. Is h prime?
False
Suppose -2*v + 4*f = -4158, -2*v + 24*f - 23*f = -4158. Suppose -3*p + v + 3624 = 0. Is p composite?
False
Let u be (-7 - (-2 - -2)) + -6039. Is ((-221)/(-26))/(-17) + u/(-4) prime?
True
Suppose 7*x - d + 2260004 = 3*x, 1130016 = -2*x - 3*d. Is 9/63 - x/21 composite?
True
Is (436055 - -18) + (5 - -1) prime?
False
Is -2*35/20 + 5845800/16 - 2 a prime number?
True
Let n = 846848 - 578659. Is n prime?
True
Let b be 1/(-1) - 4*10/20. Is ((-2)/b)/(32/94992) a composite number?
False
Suppose 4*i + 24 = 2*p, -2*p + 4*i + 28 = 2*i. Let v(s) = s**3 + 63*s**2 - 186*s + 797. Let m be v(-66). Is (14636/p)/(m/20) a prime number?
True
Is -2*907/(-4 + 4 + 14/(-203)) a prime number?
False
Let j(m) = 2792*m**2 - 8*m + 7. Is j(4) composite?
False
Suppose -4*m = 4*j + 8, -7*j + 4 = 3*m - 9*j. Suppose m*l = -7*l + 16989. Is l prime?
False
Let c be (-6)/5*(-1 - (-14)/(-21)). Suppose -23446 = -3*s - 5*v, 0*s = c*s + 4*v - 15630. Is s composite?
False
Let t = 638157 + -235466. Is t a composite number?
False
Is 3115/5*1074/42 a prime number?
False
Let p(c) = -c**2 + 7*c + 1495613. Is p(0) prime?
False
Let p be 910/80 - 3/8. Suppose -p*c + 11134 = -9*c. Is c a composite number?
True
Is (-27)/(301 + -31) - (-423562)/20 prime?
False
Suppose 3*o + 2*b - 4*b = 28, 2*o + 3*b = 10. Suppose -j + 3*j - 4838 = -3*x, 0 = -4*x - o. Let s = j - 1379. Is s a prime number?
False
Suppose 3*c + 0*g - 2*g - 21 = 0, 0 = 3*g + 9. Let w be c*(3 - 0)/3. Suppose 5*n + 620 + 733 = 4*k, -w*n - 5 = 0. Is k composite?
False
Let w be -4 - (-33)/9 - (-39)/9. Suppose -w*t - 2*v = 24, t - v + 5 = -4. Is (-2*2506/(-4))/((-7)/t) composite?
True
Suppose 0 = 4*s - 2*b - 22, 7 = -4*s - 5*b - 6. Suppose 5*j = 4*q - 10, 4*j + 4 = -s*q - 4. Is 631 + (-2 + 2 - j/(-1)) prime?
False
Suppose 3*p - 3*a = 6609, -4*a + 3*a = -3*p + 6617. Let o = 3067 - 1501. Let c = p - o. Is c prime?
True
Let v be (-1226)/(-1 - 3/(-5)). Suppose -m - 35 = -5*m + q, 15 = 2*m - 3*q. Suppose m*l - 10*l = -v. Is l composite?
True
Let y = -221 - -964. Suppose y = x - 756. Is x a prime number?
True
Suppose 0 = b - 6*b - 590. Let h = 1680 - b. Suppose 4*o + 3*k = 1552 + 1989, -2*o = -4*k - h. Is o a composite number?
True
Let y = -4383 - -7800. Suppose 4*p = 0, 3*k = -p - p + y. Is k prime?
False
Let h(p) = 2*p**3 + 71*p**2 + 33*p - 76. Let n be h(-35). Is (-6904 + -2)*1/n prime?
True
Let z(c) = -3*c + 31. Let w(x) be the second derivative of -x**4/6 + 7*x**3/6 - x**2/2 + 5*x. Let k be w(5). Is z(k) prime?
True
Let i be 1/3*(18 - 2817). Let j = i + 1520. Is j composite?
False
Suppose -3*n = -3*x + 34347, -5*x + 14*n + 41101 + 16198 = 0. Is x a composite number?
False
Let l(o) = -22*o + 34*o + 6*o**2 - 3*o**3 + 26 - 14*o + 40*o**3. Is l(7) prime?
False
Let r be (-2917 + -46)/((-3)/(-2) + -1). Is 1/2*(0 - r) a prime number?
True
Suppose h = i + 51693, -12*h - 2*i - 258459 = -17*h. Is h composite?
False
Let x be 11530/6 + (-2)/(-6). Let i = -6828 - -7755. Let z = x - i. Is z prime?
False
Suppose -33*y = -70*y + 4975723. Is y composite?
True
Is (-1)/(-1)*-6*(-395030)/60 prime?
True
Let f(l) = 360*l**2 - 293*l + 61. Is f(-20) prime?
True
Is (2 + 691939)/1 - (14 + 56/(-4)) a prime number?
False
Suppose 890*i - 421*i = 446*i + 2466313. Is i a composite number?
True
Let i(r) = r**3 - 4*r**2 + 5*r - 5. Let d be i(4). Let h be (-608)/(-60) - (-10)/(-75). Suppose -h*l + d*l = 3165. Is l composite?
True
Let c(r) = -232*r - 907. Is c(-33) a prime number?
False
Suppose -5*w - 2*i - 502 = 0, -4*w - 398 = -0*w - 2*i. Let f = -100 - w. Suppose 5*q = -3*r + 8268, f*r + q - 13802 = -5*r. Is r composite?
True
Suppose -809*s + 426*s + 400*s - 2061539 = 0. Is s a composite number?
False
Let o be 8 + 25/(-15)*3. Suppose 3*v - 3436 = -2*t, -o*v = -4*t - t - 3443. Suppose -2*a = a - v. Is a a prime number?
False
Suppose 0 = -11*h + 341445 + 543736. Is h prime?
True
Let c(j) = -j**2 - j + 24. Let s be c(-9). Let r(q) = q**3 + 7*q**2 - 3. Let z be r(-8). Let h = s - z. Is h a composite number?
False
Suppose 3*c - 2026376 = -123*y + 121*y, 2*c + 3039603 = 3*y. Is y a composite number?
False
Is 28/32*((1 - 1) + 8) - -174040 composite?
False
Let x(n) = 23767*n**2 - 31*n + 445. Is x(9) a prime number?
True
Let i = 74 - 73. Let n be (-12)/(-66) - ((-84)/22 + i). Suppose -5*y + t + 2263 = 0, n*t + 2 = 8. Is y prime?
False
Suppose -z = -5*z - 2*v + 2626, -z = -v - 649. Let h be (3 - (-5 + 11)) + -433. Let j = z + h. Is j composite?
True
Suppose -3*j = 2*z + 3*z - 15, j + 15 = 5*z. Let w(i) = 64*i**3 + 108*i**z + 49*i**3 - i + 0 + 3*i**2 - 1. Is w(2) a prime number?
True
Let j(t) = t**3 + 6*t**2 - 7*t + 14. Let d be j(-7). Suppose -14 = -d*g + 7*g. Suppose 0 = -4*p - g*v + 95 + 103, 5*p - 4*v - 267 = 0. Is p prime?
False
Let s(v) = -82*v**3 - 3*v**2 + 2*v + 2. Let m(q) = -163*q**3 - 5*q**2 + 4*q + 3. Let o(i) = -3*m(i) + 5*s(i). Let k = -43 - -45. Is o(k) a composite number?
True
Let z(h) = 10*h**2 - 67*h - 160. Is z(-71) prime?
False
Is (4 + 235964/(-8))/((-171)/1254) a composite number?
True
Let w = -21894 - -36125. Suppose -104*i + 251 + 581 = 0. Is (-20)/i - w/(-2) prime?
False
Suppose 6 + 24 = 5*b. Let d(v) = 92*v - 30*v + 1 - 39. Is d(b) a composite number?
True
Is 96880 - (((-78)/33)/2 + (-20)/(-110)) composite?
True
Suppose 283*r = 192*r + 2396849. Is r composite?
False
Let c(l) = -18*l**3 + 79*l**2 + 14*l - 13. Let f(d) = -10*d**3 + 40*d**2 + 7*d - 6. Let h(x) = -4*c(x) + 7*f(x). Is h(19) composite?
False
Let o(z) be the first derivative of z**6/120 + 13*z**5/30 - 5*z**4/8 - z**3/6 - 12*z**2 - 38. Let v(m) be the second derivative of o(m). Is v(-24) composite?
False
Suppose 8 = a + 5*c, 20 = 5*a + 2*c + 3. Suppose -a*g = 3*d - 5*g - 7385, -d + 3*g + 2464 = 0. Is d a prime number?
False
Let n 